te the remainder when 286313 is divided by 21.
20
Calculate the remainder when 4688551 is divided by 19.
16
Calculate the remainder when 4896 is divided by 4824.
72
Calculate the remainder when 1860 is divided by 38.
36
What is the remainder when 293271 is divided by 172?
11
What is the remainder when 2518 is divided by 353?
47
Calculate the remainder when 75199 is divided by 5784.
7
What is the remainder when 13451 is divided by 15?
11
What is the remainder when 284670 is divided by 256?
254
What is the remainder when 11278 is divided by 425?
228
Calculate the remainder when 817929 is divided by 93.
87
What is the remainder when 134306 is divided by 67141?
24
What is the remainder when 93308 is divided by 257?
17
Calculate the remainder when 35210 is divided by 667.
526
What is the remainder when 33118 is divided by 283?
7
What is the remainder when 123727 is divided by 28?
23
What is the remainder when 201279 is divided by 4909?
10
Calculate the remainder when 2544 is divided by 296.
176
What is the remainder when 57139 is divided by 276?
7
Calculate the remainder when 10333 is divided by 3444.
1
Calculate the remainder when 13033 is divided by 106.
101
Calculate the remainder when 35092 is divided by 450.
442
Calculate the remainder when 554893 is divided by 295.
293
Calculate the remainder when 4428 is divided by 198.
72
Calculate the remainder when 481139 is divided by 990.
989
Calculate the remainder when 128235 is divided by 18317.
16
What is the remainder when 217041 is divided by 31?
10
What is the remainder when 3697 is divided by 922?
9
What is the remainder when 108857 is divided by 1944?
1937
Calculate the remainder when 4044 is divided by 11.
7
What is the remainder when 260982 is divided by 17?
15
Calculate the remainder when 929 is divided by 111.
41
Calculate the remainder when 7818 is divided by 3909.
0
Calculate the remainder when 3020 is divided by 598.
30
What is the remainder when 12738 is divided by 974?
76
What is the remainder when 75161 is divided by 37540?
81
Calculate the remainder when 455399 is divided by 1662.
11
What is the remainder when 8563 is divided by 14?
9
Calculate the remainder when 1993 is divided by 281.
26
Calculate the remainder when 362835 is divided by 46.
33
What is the remainder when 130594 is divided by 50?
44
What is the remainder when 32256 is divided by 8063?
4
What is the remainder when 41352 is divided by 20649?
54
Calculate the remainder when 714638 is divided by 714627.
11
Calculate the remainder when 6461 is divided by 6161.
300
Calculate the remainder when 3069 is divided by 25.
19
Calculate the remainder when 6138 is divided by 53.
43
Calculate the remainder when 10492 is divided by 175.
167
Calculate the remainder when 25289 is divided by 2176.
1353
Calculate the remainder when 3329 is divided by 337.
296
Calculate the remainder when 68139 is divided by 28.
15
Calculate the remainder when 980 is divided by 686.
294
What is the remainder when 10355 is divided by 445?
120
Calculate the remainder when 31302 is divided by 101.
93
What is the remainder when 316905 is divided by 1019?
1015
Calculate the remainder when 160584 is divided by 53525.
9
Calculate the remainder when 4892 is divided by 2421.
50
Calculate the remainder when 191260 is divided by 7650.
10
Calculate the remainder when 21394 is divided by 1425.
19
What is the remainder when 82663 is divided by 424?
407
Calculate the remainder when 2522 is divided by 519.
446
Calculate the remainder when 138699 is divided by 114.
75
Calculate the remainder when 11794 is divided by 348.
310
Calculate the remainder when 373985 is divided by 72.
17
Calculate the remainder when 531545 is divided by 531533.
12
What is the remainder when 165815 is divided by 3?
2
Calculate the remainder when 17127 is divided by 488.
47
What is the remainder when 234593 is divided by 35?
23
Calculate the remainder when 866 is divided by 26.
8
What is the remainder when 378581 is divided by 378581?
0
What is the remainder when 13870 is divided by 63?
10
What is the remainder when 81499 is divided by 119?
103
What is the remainder when 1672151 is divided by 152?
151
What is the remainder when 34095 is divided by 2434?
19
Calculate the remainder when 1117 is divided by 41.
10
What is the remainder when 4572 is divided by 771?
717
Calculate the remainder when 5952 is divided by 2966.
20
What is the remainder when 32413 is divided by 145?
78
What is the remainder when 191413 is divided by 15?
13
Calculate the remainder when 264364 is divided by 185.
184
What is the remainder when 353319 is divided by 81?
78
Calculate the remainder when 893023 is divided by 946.
945
What is the remainder when 19887 is divided by 9922?
43
Calculate the remainder when 202718 is divided by 9652.
26
Calculate the remainder when 1198 is divided by 201.
193
Calculate the remainder when 16480 is divided by 157.
152
Calculate the remainder when 2601 is divided by 74.
11
Calculate the remainder when 2893 is divided by 42.
37
Calculate the remainder when 19000 is divided by 43.
37
What is the remainder when 1714030 is divided by 14?
10
What is the remainder when 11953 is divided by 3931?
160
What is the remainder when 291 is divided by 81?
48
What is the remainder when 71945 is divided by 205?
195
What is the remainder when 1398 is divided by 466?
0
What is the remainder when 31075 is divided by 2584?
67
What is the remainder when 40823 is divided by 40796?
27
Calculate the remainder when 11042 is divided by 3680.
2
Calculate the remainder when 46145 is divided by 11515.
85
What is the remainder when 2025 is divided by 610?
195
Calculate the remainder when 161599 is divided by 140.
39
What is the remainder when 87191 is divided by 72?
71
Calculate the remainder when 85012 is divided by 23.
4
What is the remainder when 720944 is divided by 16?
0
Calculate the remainder when 66419 is divided by 568.
531
What is the remainder when 1131 is divided by 24?
3
What is the remainder when 7602 is divided by 144?
114
Calculate the remainder when 5526 is divided by 881.
240
Calculate the remainder when 17777 is divided by 2962.
5
Calculate the remainder when 3913 is divided by 1881.
151
Calculate the remainder when 8530 is divided by 1224.
1186
What is the remainder when 172972 is divided by 186?
178
What is the remainder when 3091 is divided by 181?
14
What is the remainder when 9207 is divided by 248?
31
What is the remainder when 566655 is divided by 188883?
6
Calculate the remainder when 2036 is divided by 585.
281
What is the remainder when 293343 is divided by 53?
41
Calculate the remainder when 539305 is divided by 103.
100
What is the remainder when 22248 is divided by 20?
8
What is the remainder when 695902 is divided by 35?
32
What is the remainder when 65102 is divided by 21692?
26
Calculate the remainder when 282666 is divided by 72.
66
What is the remainder when 3174 is divided by 318?
312
What is the remainder when 17240 is divided by 407?
146
What is the remainder when 118780 is divided by 29693?
8
What is the remainder when 15526 is divided by 913?
5
Calculate the remainder when 901772 is divided by 1237.
1236
Calculate the remainder when 12793 is divided by 6393.
7
What is the remainder when 316118 is divided by 158050?
18
Calculate the remainder when 1081 is divided by 649.
432
Calculate the remainder when 3302 is divided by 19.
15
Calculate the remainder when 861936 is divided by 414.
402
Calculate the remainder when 3725 is divided by 818.
453
Calculate the remainder when 3902 is divided by 778.
12
What is the remainder when 612249 is divided by 31?
30
Calculate the remainder when 704455 is divided by 43.
29
What is the remainder when 33079 is divided by 312?
7
Calculate the remainder when 355253 is divided by 227.
225
What is the remainder when 58922 is divided by 94?
78
Calculate the remainder when 47050 is divided by 47030.
20
What is the remainder when 1008 is divided by 5?
3
What is the remainder when 524227 is divided by 39?
28
What is the remainder when 5555 is divided by 1848?
11
Calculate the remainder when 24665 is divided by 2739.
14
What is the remainder when 5736 is divided by 145?
81
Calculate the remainder when 6535 is divided by 45.
10
Calculate the remainder when